+ w - 20, -w = w - 4. Let z(u) = 2*u - 6. What is z(n)?
6
Let o(p) = 18*p + 13*p**2 - 19*p - 7*p**2. Determine o(1).
5
Suppose 0 = -7*b + 16*b. Let p(t) be the third derivative of 0 - 1/6*t**3 + 6*t**2 + b*t - 1/4*t**4. What is p(-1)?
5
Let o(k) = k**3 + 3*k**2 + 3*k + 1. Let r = 132 + -135. Give o(r).
-8
Let h(f) = -2*f**2 + 3*f**3 + 0*f**2 + f**3 + 2*f**3 - 3 - 7*f**3 - 3*f. Give h(-2).
3
Let m(y) = 11*y - 5*y**2 - 8*y - 1 + 2 - 2*y. Determine m(2).
-17
Let s(r) = -8*r - 92. Let u be s(-11). Let o(b) = b**2 + 4*b - 3. Give o(u).
-3
Let k(x) = x**2 - 2. Let t(f) = -f - 4. Let m(s) = -s + 4. Let v be m(9). Let l be t(v). Let a = l + 3. Determine k(a).
14
Let x(s) = s + 1. Let y be x(4). Suppose -y = -3*q - 8. Let i(c) = -c**2 + 392*c - 4*c**3 + 3*c**3 - 392*c. Calculate i(q).
0
Let u(s) be the first derivative of -3*s + 30 + 1/3*s**3 - 5/2*s**2. Give u(6).
3
Suppose u = 2*x + 3, 0 = 4*x - 9 + 1. Let o(f) = 6*f + 0 - u + 6. Calculate o(1).
5
Let k = -7 + 12. Let c be (-2)/6 + k/15. Let t(y) be the second derivative of y**5/20 + y**4/12 + y**3/6 - 7*y**2/2 + 40*y - 9. Calculate t(c).
-7
Let t(o) = -o**3 + 11*o**2 + 10*o + 26. Let k be t(12). Let w(u) be the first derivative of -u - k - 9/2*u**2. What is w(1)?
-10
Let f(y) = -23 + 25 + 40 + 2*y + 2*y. Give f(-13).
-10
Let s(h) = h. Let g be s(-1). Let f = 7 + g. Let x(p) = -6*p + 2. Let j(v) = 2*v - 1. Let n(r) = -7*j(r) - 2*x(r). Give n(f).
-9
Let w(a) be the second derivative of -a**4/12 + a**3/6 + 5*a**2/2 - 219*a. Let u = 6 + -2. Calculate w(u).
-7
Let p(y) be the first derivative of -y**2/2 + 4*y - 2. Let z be p(-2). Let k(o) = o**2 - 6*o + 8. What is k(z)?
8
Let f(s) = -s**3 - 3*s**2 + 2*s + 2. Suppose -115 = -6*m + m. Suppose -5*y - 2 = -4*d - 3, -y - m = 5*d. Give f(d).
10
Suppose -44*r + 2*w - 12 = -46*r, 0 = -5*r + 3*w - 10. Let d(s) = -51*s**3 - 1. What is d(r)?
-52
Let q(y) = 4*y + y + 6 - y + 3*y + y. Give q(-3).
-18
Let q(v) = 11*v - 30. Let n(u) = 5*u - 14. Let d(a) = 13*n(a) - 6*q(a). Determine d(2).
-4
Suppose 13*y = 4*y. Suppose 2*h = 3*h - y*h. Let f(q) = -q**2 - 11. Calculate f(h).
-11
Let n(w) = -8*w**3 - 25*w**2 + 56*w + 56. Let x(a) = a**3 + 3*a**2 - 8*a - 8. Let j(d) = 2*n(d) + 15*x(d). What is j(-3)?
-2
Let i(j) be the third derivative of j**6/360 + j**5/120 - 5*j**4/12 + 13*j**3/3 - 15*j**2. Let o(f) be the first derivative of i(f). What is o(0)?
-10
Let r(l) = l**2 + 8*l + 5. Let w be 69/(-23)*(-8)/(-6). Determine r(w).
-11
Let g(y) = -3*y + 12. Let l(k) = -21*k + 81. Let o(v) = -27*g(v) + 4*l(v). Let c = 10 - 7. Determine o(c).
-9
Let u(d) = -7*d + d**2 - 5 + 7*d - 7*d. Determine u(5).
-15
Let d(s) be the third derivative of -s**4/24 + 7*s**3/6 - s**2. Suppose -29*o - 129 = -13. Let t(z) = -2*z + 13. Let a(c) = o*t(c) + 7*d(c). What is a(3)?
0
Let d be -3 + (-3)/(-9)*-5*-63. Let b(y) = 2*y + 0*y**3 + y**3 + d*y**2 + 3 - 106*y**2 - y. Determine b(3).
-3
Let a(m) = -m + 11. Suppose -2*j + 5*j + 6*j = 0. Suppose -4*o = -5*k + 63, j = -10*k + 5*k - o + 53. What is a(k)?
0
Let h(t) be the first derivative of t**2 - t + 205. Calculate h(-1).
-3
Let w(h) = 2 - 5*h + 0*h + 5*h + h. Let m be w(0). Let p(s) = -3*s**2 + m + 2*s - s - 4*s + s**3 + 2*s. Determine p(3).
-1
Suppose -2*u + 6*l = 5*l + 15, l = -2*u - 17. Let g(d) = -d - 10. What is g(u)?
-2
Let d(c) = 13*c - 1. Suppose -2*l = -r - 15, 5*l = r + l + 15. Let u = r + 17. Suppose u*n = k + 3*k + 6, -4*k = 3*n + 11. Determine d(n).
-14
Let g(m) = m**2 + m - 52. Let k be g(-8). Let z(p) be the third derivative of 13/24*p**k + 0*p + p**2 + 1/6*p**3 + 0. Give z(-1).
-12
Suppose -u + 3*r = -2*r - 21, -4*u + 39 = -5*r. Let j(k) be the first derivative of 0*k**2 + 13 + 4*k - 2*k**3 + 1/4*k**4. Determine j(u).
4
Let v(n) = -n**2 + 1. Let r(q) = q**3 - 9*q**2 + 3*q. Let d(o) = -r(o) + 4*v(o). Give d(4).
8
Let q(d) = d - 2. Let x = -70 + 78. Give q(x).
6
Let v(i) be the third derivative of -i**6/120 + i**5/10 - i**3/2 + i**2. Suppose -2*a = -f - 8 - 5, -f = -5*a + 31. What is v(a)?
-3
Let f(u) = -2*u + 21. Let s(j) = 2*j**3 + 11*j**2 - 9*j - 8. Let h be s(-6). Give f(h).
1
Let x(t) = -4*t + 3. Let z(j) = -5*j + 3. Let g = 0 - 4. Let p(k) = g*x(k) + 3*z(k). Determine p(4).
1
Let s = -128 + 130. Let z(q) = 2*q**2 + 2*q - 4. Determine z(s).
8
Let b(y) = y. Let a(l) = l**2 - 3*l - 4. Let z be a(4). What is b(z)?
0
Let t = -8 + 14. Let a(s) = 14 - t*s - 11 + s**2 + 0*s. Give a(2).
-5
Let m(v) be the first derivative of -3*v**2/2 + 84. What is m(-5)?
15
Let u(g) be the first derivative of -13*g**3/3 - g**2 - g - 144. What is u(-1)?
-12
Let k(a) = a**2 + 4*a - 7. Let r = -222 + 216. What is k(r)?
5
Let k(m) = -8. Let w(r) be the second derivative of r**3/6 + 5*r**2/2 - r. Let n be w(-4). Let z(p) = -p - 1. Let b(l) = n*k(l) - 3*z(l). What is b(4)?
7
Let k(z) be the third derivative of 2/3*z**3 + 0 - 5*z**2 + 1/120*z**5 - 5/24*z**4 + 0*z. Let s(y) be the first derivative of k(y). Give s(6).
1
Let d = 48 + -49. Let g(y) = -y**2 + y - 1. Let m(n) = n**2 + 4*n + 2. Let r(k) = d*m(k) - 3*g(k). Determine r(5).
16
Let l(o) = 21*o - 1. Suppose -3*m - 4*x = 11, -11 = -m + x - 10. Give l(m).
-22
Let y(w) = -4*w + 7. Suppose -47 - 18 = -13*f. Determine y(f).
-13
Let j(a) = -a**2 - 1596*a - 3*a**3 - 4*a**2 - 2*a**2 + 2*a**3 + 7 + 1599*a. Calculate j(-8).
47
Let f(z) = -z**2 + 2*z + 6. Let c(k) = -k**2 + k - 1. Let v(s) = -2*c(s) + f(s). Let r = 20 - 20. Calculate v(r).
8
Let y(m) = -m - 7. Let i be y(-5). Let k(h) be the third derivative of 0*h + 0*h**3 + 0 + 1/24*h**4 - 17*h**2. Determine k(i).
-2
Let y(v) be the first derivative of -v**4/4 + v**3 + 3*v**2/2 + v - 1. Suppose l + 4*j - 8 = 0, -3*j - 227 + 210 = -5*l. Give y(l).
-3
Let t(v) = v**3 - 4*v**2 - 21*v. Let c be t(7). Let f(n) be the first derivative of c*n + 2 + 1/2*n**2. Calculate f(4).
4
Let d(h) be the second derivative of -h**5/20 - 17*h**4/12 + 8*h**3/3 - 19*h**2 + 332*h. Determine d(-18).
-2
Let p(l) = l**3 + 6*l**2 + 4. Suppose 0 = 3*t + 34 - 37. Let s be (t*(-6 + 0))/1. Give p(s).
4
Let q(c) = 2*c**2. Let i be q(-1). Let f(k) = -k**3 - 7*k**2 + 9*k + 10. Let x be f(-8). Let j(n) = 0 + 2*n + 3*n - x - 1. Determine j(i).
7
Let m be (40/14)/(22/77). Let o(z) = 3*z**3 + 4*z - 3*z - m*z**3 + z**3. Calculate o(1).
-5
Let n(y) = -12*y**3 - 11*y**2 + 11*y + 12. Let v(q) = 17*q**3 + 16*q**2 - 16*q - 16. Let i(h) = -7*n(h) - 5*v(h). Determine i(-4).
0
Let a(s) be the third derivative of s**5/15 - 7*s**4/24 + 5*s**3/6 + s**2 + 3*s. Determine a(4).
41
Let n(h) = -h**2 - 3*h. Suppose -43*o = -30*o - 39. What is n(o)?
-18
Suppose 9*j - 6*j - 3 = 0. Let p(z) = -6*z + 5 + 0 + 15*z - j + z**2. Calculate p(-9).
4
Let c(l) = l**3 - 5*l**2 + 5*l + 3. Let u(m) = m - 277 + 300 + 0*m. Let f be u(-19). Give c(f).
7
Let r(g) = g - 3*g**2 + g**2 + 3*g**2 + 7. Let y = 32 + -28. Suppose 11*x = y*x. Calculate r(x).
7
Let f(v) be the first derivative of v**5/20 + v**4/6 + v**3/3 - v**2/2 - 14*v + 23. Let r(u) be the first derivative of f(u). Determine r(-2).
-5
Let b(o) = -o - 16. Let a be (29 - 8)*(4/3)/(-4). Determine b(a).
-9
Let z be ((-2)/(-4))/((-10)/(-280)). Let v(r) = r**2 - 14*r - 11. Give v(z).
-11
Let h(v) = v - 4. Suppose -2*d = a + 14, 4*d = d + 5*a - 21. Let m(p) = 2*p - 7. Let r(f) = d*h(f) + 4*m(f). Calculate r(-2).
-2
Suppose 2*c + 3*k = 3, c + 5*k = k + 4. Let m = c + 2. Let b(g) = -2*g - 2 + g + 5 - g**3 + m*g**2 - 1. Give b(2).
0
Let h(z) = z**3 - z**2 - z. Let s be h(-1). Let u be (-30)/3 + (-3)/s. Let j(g) = g**2 + 9*g + 3. Determine j(u).
-11
Let p(j) be the first derivative of -j**7/840 + j**6/45 - 3*j**5/40 - 5*j**4/24 + 28*j**3/3 + 30. Let a(b) be the third derivative of p(b). Calculate a(7).
-19
Suppose -t + 0 = -25. Let h = t + -32. Let a(l) = l + 11. Calculate a(h).
4
Let o(w) = -5*w**3 - 6*w**2 + 3*w + 5. Let t(c) = -4*c**3 - 4*c**2 + 3*c + 4. Let l(p) = -6*o(p) + 7*t(p). Calculate l(-3).
7
Let k(h) be the third derivative of -h**5/60 - 7*h**4/24 + h**3/3 - 3*h**2. Let x = -15 + 15. Let v be 3/(-12)*x + -7. What is k(v)?
2
Let x(h) be the first derivative of h**2/2 - 9*h - 1. Let r = 191 - 187. Give x(r).
-5
Suppose -b + 3 = -2*k, -2*b - 8*k - 1 = -5*k. Suppose -2*m + 12 = -3*m + 3*h, -11 = 3*m - 4*h. Let x(w) = w + 2*w + m*w. What is x(b)?
6
Let y(t) = -2*t**3 - t**2 + t. Let 